 - 66*t. What is the remainder when 88 is divided by t?
0
Let r(g) = 6*g - 6. Let x(h) = h**3 - 9*h**2 + 9*h + 2. Let a be -8*(0 - -4)/(-4). Calculate the remainder when r(4) is divided by x(a).
8
Let n = -19 + 18. Let i(h) = -74*h**3 - h - 2. Calculate the remainder when i(n) is divided by 38.
35
Let d = -45 + 42. Let b = d - -35. Calculate the remainder when 60 is divided by b.
28
Calculate the remainder when (1080/15)/(12/30) is divided by 61.
58
Let p(m) = -m**3 - 8*m**2 + 22*m + 66. What is the remainder when p(-13) is divided by 19?
17
Let p = 5 + -4. Let k(j) = 35*j**3 - 2*j**2 + j. Calculate the remainder when k(p) is divided by 6*(-2)/3 + 13.
7
Suppose -3*v - 13 - 5 = 0. Let k = -2 - v. Let a(y) = 12*y - 5. What is the remainder when a(k) is divided by 11?
10
Suppose -3*d - d - 5*b = -75, 0 = -d + 5*b + 50. Suppose -2*z + 20 = o, o + 2*z = -z + d. Calculate the remainder when 18 is divided by o.
8
Let u(t) = 2*t**2 + 6*t - 6. What is the remainder when 65 - 8*(34/(-8) + 4) is divided by u(-5)?
11
Let g = -190 - -198. What is the remainder when 103 is divided by g?
7
Let x be 122/(-3) - (-3)/(-9). Let z(y) = y**2 - y - 21. Let d be z(0). Let o = d - x. Calculate the remainder when 37 is divided by o.
17
Suppose -3*r = w + 5, 3*r + 14 - 2 = 0. Calculate the remainder when 47 is divided by w.
5
Let k = 102 + -53. Let o(y) = -2*y**3 - 14*y**2 - 15*y - 5. Suppose 15 = 5*p + 45. What is the remainder when k is divided by o(p)?
10
Let i = -15 - -57. Suppose -8*y + 2*y = -i. Calculate the remainder when 19 is divided by y.
5
Suppose -5*y - 6 = -101. What is the remainder when 146 is divided by y?
13
Let n(g) = -g. Let j(r) = r**2 + 11*r + 13. Let i be j(-9). Let k be n(i). Let a(q) = q + 3. What is the remainder when 30 is divided by a(k)?
6
Suppose 3*w - 2 = b, 3*w = -b - 2*b + 6. Suppose 2*d - 36 = -2*h, -d - b = -2*h - 28. Calculate the remainder when d is divided by 6.
3
Suppose 0 = -2*s + t - 4, 0*t - 4 = -2*s - 3*t. What is the remainder when s/(3 + -6 + 2)*13 is divided by 5?
3
Suppose -97 = 5*b + 3*q - 702, 2*b - 5*q = 242. Calculate the remainder when b is divided by 19.
7
Suppose 3*p = 4*v - 164, 5*v + 5*p - 2*p - 232 = 0. Calculate the remainder when v is divided by 3.
2
Suppose -4*k = -0 + 28. Let a(v) = v**3 + 10*v**2 + 18*v + 14. Calculate the remainder when a(k) is divided by 4.
3
Let r = 51 - 35. Suppose 5*c - 97 + 154 = h, c - 311 = -5*h. What is the remainder when h is divided by r?
14
Let b(r) be the second derivative of r**3/6 - 5*r. Let v be b(4). Suppose -2*q + 4*z = -14, 3*q - v*z - 26 = -5. Calculate the remainder when q is divided by 4.
3
Suppose 28 = o + 199. Calculate the remainder when ((o/(-3))/(-3))/(1 - 2) is divided by 5.
4
Suppose 3*v + 3*t = -2*v - 24, -3*v + 2*t - 22 = 0. Let u(j) = 6*j + 41. Calculate the remainder when 37 is divided by u(v).
2
Let g(j) = 42*j**2 + 2*j + 1. Let o(m) = -m. Let b be o(-5). Suppose b*n = 81 - 26. What is the remainder when g(-1) is divided by n?
8
Suppose -2*z - c = 53, -5*c - 95 = 5*z + 50. Calculate the remainder when 97 is divided by 28/(6/(-15) + z/(-10)).
13
Let m(k) = -k + 6. Let v be m(6). Suppose -i + 3 - 2 = v. What is the remainder when 48 is divided by i + (-4 + 0 - -20)?
14
Let w = 881 - 869. Let q = 3 - -17. Suppose -q = -k - 3*k. What is the remainder when w is divided by k?
2
Let n(g) = 29*g**2 - 3*g - 5. Let f be n(-2). Suppose 58 = -f*l + 119*l. Calculate the remainder when l is divided by 8.
5
Let c = 297 - 286. What is the remainder when 19 is divided by c?
8
Let v(k) = -k**2 - k + 3. Let g be v(-3). Let w = -8 - -11. What is the remainder when 6/(5/((-20)/g)) is divided by w?
2
Suppose -r - 528 = -12*r. Calculate the remainder when r is divided by 7.
6
Suppose -2*g + g + 5*z + 147 = 0, 3*z = 5*g - 757. Calculate the remainder when g is divided by 14.
12
Let v = 291 + -288. What is the remainder when 10 is divided by v?
1
Let x(b) = -50*b. Let i be x(-2). Let s be i/15 + (-3)/(-9). Let f = 22 + s. What is the remainder when f is divided by 10?
9
Let u(z) = -5*z**2. Let h be u(1). Let n = 1 + h. What is the remainder when 5 is divided by (n/8)/(2/(-16))?
1
Let s = 72 + -28. Let u = 397 - 374. What is the remainder when s is divided by u?
21
Let w = 2668 + -2076. What is the remainder when w is divided by 9?
7
Let m(t) = -t + 23. Suppose 3*j + 30 = -3*z, z + 4*z - 85 = 4*j. Let l = -22 - -32. What is the remainder when m(j) is divided by l?
8
Suppose 0 = -b - 0*f + 2*f + 23, 0 = -5*f. Let w = -302 + 312. Calculate the remainder when b is divided by w.
3
Suppose -5*d + 1 = -14, -5*m + 104 = 3*d. Suppose m*j + 145 = 24*j. What is the remainder when j is divided by 16?
13
Let i = -16 - -12. Let y be ((-5)/2)/((-2)/i). Let w(t) = -2*t. What is the remainder when 19 is divided by w(y)?
9
Let q = 49 + -49. Suppose -r = t + 3*r - 167, -t + 3*r + 188 = q. What is the remainder when t is divided by 36?
35
Suppose -k = t + 3*k + 4, -t + k = -6. Suppose -2*c + 83*c = -72*c + 10710. What is the remainder when c is divided by t?
2
Let o(j) = 16*j + 11. Let s(f) = f**2 + f. Let k(v) = -o(v) + 2*s(v). What is the remainder when 12 is divided by k(8)?
2
Suppose -4*s + 336 = 4*v, 0 = -v - 2*s - 2*s + 87. What is the remainder when 912 is divided by v?
82
Suppose 2*r = 5*p + 77, -r + p - 12 = -55. Let q be 6/(-8) - (-154)/(-8). Let y = 4 - q. Calculate the remainder when r is divided by y.
22
Suppose 7*v + 79 = -117. Let i = v - -37. Suppose 5*x - 4 = 3*x. What is the remainder when i is divided by x?
1
Let h(d) = -d + 0 - 1 + 5*d**2 + 3. Suppose -v - 2*s - 6 + 0 = 0, 29 = v - 5*s. Calculate the remainder when h(v) is divided by 27.
24
Calculate the remainder when 1640/24 - (-10)/6 is divided by 13.
5
Let q = 14 + -6. Let x = 2 - -2. Suppose x*m + 34 = 118. Calculate the remainder when m is divided by q.
5
Let h be (-68)/(-18) + 6/27 - -226. Suppose 0 = -8*o + h + 274. Calculate the remainder when o is divided by 11.
8
Let m = 39 + 16. Let z(v) = -2*v**3 - 5*v**2 - 3*v - 4. What is the remainder when m is divided by z(-3)?
13
Suppose -12*s + 1910 = -2542. What is the remainder when s is divided by 22?
19
What is the remainder when 285 is divided by (-29141)/(-905) - ((-9)/5 + 2)?
29
Suppose 103 = 2*o + a, -2*a + 53 = o - a. Calculate the remainder when o is divided by 26.
24
Let m = 266 + -235. What is the remainder when 835 is divided by m?
29
Let a = 2363 - 1276. What is the remainder when a is divided by 10?
7
Suppose -5*r + 0*u = 4*u - 76, -3*u = r - 24. What is the remainder when 45 is divided by r?
9
Suppose 671 = 20*l - 129. Calculate the remainder when 278 is divided by l.
38
Let y = 10 + 4. Suppose -y*n = -12*n - 70. Calculate the remainder when n is divided by 12.
11
Let o(r) = -r**3 + 6*r**2 + 4*r + 8. Calculate the remainder when 356 is divided by o(0).
4
What is the remainder when (-6)/8 + (-2230)/(-40) is divided by 21?
13
Let v = 48 + -21. Calculate the remainder when 18 is divided by (-12)/30 - v/(-5).
3
Suppose 0 = -3*s + 2*s + 18. Let h = s - 14. Suppose m = 26 - h. What is the remainder when 43 is divided by m?
21
Let s = -19 - -7. Let t(b) = -b + 2. What is the remainder when (135/s)/((-18)/48) is divided by t(-6)?
6
Let h(o) = -o**3 + 7*o**2 + 22*o - 37. Calculate the remainder when h(7) is divided by 15.
12
Let x = 64 + -50. What is the remainder when 83 is divided by x?
13
Suppose m = -2*y + 150, -2*y - 11*m + 15*m + 140 = 0. What is the remainder when 1922 is divided by y?
72
Let i(p) = -p**3 + p**2 - 2*p + 18. What is the remainder when i(0) is divided by 7?
4
Calculate the remainder when (-47304)/(-81) + (0 - -10) is divided by 60.
54
Let k(m) = -m**3 - 5*m**2 + 27*m + 134. Suppose -o + 5*a = -65, 0*o - 2*a = o - 51. Calculate the remainder when o is divided by k(-6).
7
Suppose -3*a + 0*a = -21. Let t(b) = b**2 - 7*b - 3. Let n be t(8). Suppose p = -n*p + 66. What is the remainder when p is divided by a?
4
Let s = -27 - -63. Calculate the remainder when 143 is divided by s.
35
Let h be 1 + 0/(4 - 0) + 56. Suppose -h = 21*q - 24*q. What is the remainder when 89 is divided by q?
13
Suppose -g + 5*q + 167 + 69 = 0, 0 = 2*g + 2*q - 484. Calculate the remainder when g is divided by 27.
25
Let r(q) = q**2 + 29*q - 144. Let s = 32 + -22. Calculate the re